(base 10) to base 16.
-46facc
What is -14c281 (base 15) in base 3?
-1212221210011
-334140443 (base 5) to base 16
-167fc2
Convert 10a451 (base 11) to base 12.
85271
161341 (base 14) to base 7
6362611
What is -1325054 (base 6) in base 3?
-10202002021
What is -c853 (base 15) in base 5?
-2324003
What is 112222002102 (base 3) in base 14?
794d7
-123ff6 (base 16) to base 8
-4437766
What is 102011120220011 (base 3) in base 9?
12146804
What is -23312302 (base 4) in base 15?
-e5c7
What is -4a428 (base 12) in base 15?
-1ed22
-6e7d08 (base 15) to base 3
-100221211122122
Convert 39c82 (base 14) to base 16.
22c4a
What is -4134324 (base 5) in base 7?
-402340
886995 (base 11) to base 4
11121120323
6111101 (base 7) to base 3
1100212012012
Convert 1213220040 (base 5) to base 13.
794bb5
3636404 (base 8) to base 7
11326355
Convert 80168 (base 11) to base 4.
130221023
What is 56883 (base 9) in base 3?
1220222210
387368 (base 11) to base 10
610035
What is -652ed2 (base 15) in base 9?
-10055058
-1434541 (base 8) to base 11
-259513
Convert 3c2a91 (base 16) to base 10.
3943057
What is -4202301 (base 6) in base 5?
-22441332
1349db9 (base 14) to base 6
531503011
-b0496 (base 12) to base 4
-313312302
Convert 8933983 (base 10) to base 4.
202011021133
What is -102111303 (base 5) in base 10?
-425828
Convert -1232221302 (base 4) to base 12.
-19a356
What is -434037 (base 16) in base 10?
-4407351
101000000100011100 (base 2) to base 4
220010130
11215222 (base 6) to base 2
1010100001000011110
What is -1234315104 (base 6) in base 7?
-234104200
Convert -317226 (base 8) to base 4.
-121322112
What is -b2c68 (base 15) in base 9?
-1052878
What is 101110212 (base 5) in base 4?
1210013021
262770 (base 14) to base 3
2110201020102
Convert 219270 (base 10) to base 6.
4411050
What is -44aa8 (base 14) in base 10?
-166748
Convert 58433c (base 14) to base 16.
2de642
-101332131 (base 6) to base 12
-707047
33e (base 16) to base 5
11310
908866 (base 13) to base 9
6281844
-4851ab (base 15) to base 12
-11aa215
Convert 2232044 (base 6) to base 12.
55624
Convert 175651 (base 11) to base 14.
70a75
-30321230 (base 4) to base 16
-ce6c
-744082 (base 11) to base 10
-1191335
-1146859 (base 10) to base 16
-117feb
Convert 147843 (base 9) to base 4.
112033023
114d6 (base 14) to base 4
22102110
Convert 11011100210200 (base 3) to base 5.
1031233032
474a3 (base 12) to base 14
26c67
-13112302111 (base 4) to base 7
-22250662
-10011101110001100111110 (base 2) to base 11
-2a11314
Convert 268970 (base 10) to base 16.
41aaa
1131769 (base 11) to base 16
1e31a4
-124211013 (base 5) to base 16
-967bf
What is -2a94a (base 15) in base 16?
-21787
39b91b (base 12) to base 6
32234035
What is -173720 (base 9) in base 7?
-626064
-11110001100100011101 (base 2) to base 8
-3614435
What is -11110102120 (base 3) in base 8?
-253360
33301112 (base 4) to base 11
44596
Convert 7654a8 (base 13) to base 11.
1630358
-31220 (base 11) to base 10
-45518
What is 302103013 (base 4) in base 7?
1515436
-401657 (base 15) to base 13
-8269a8
Convert -36abd1 (base 15) to base 11.
-152918a
What is 201367 (base 9) in base 4?
131011123
Convert -111011010010110000111 (base 2) to base 5.
-444133134
What is 177bb8 (base 15) in base 10?
1140023
Convert -a4196 (base 14) to base 10.
-395464
860538 (base 13) to base 11
18570a1
Convert -153104 (base 6) to base 13.
-6a57
Convert -1069a92 (base 11) to base 12.
-7638a1
Convert 2453043 (base 6) to base 14.
35d3d
2202112221001 (base 3) to base 14
2a2ac0
Convert 13c27b2 (base 13) to base 12.
2133672
What is -150421501 (base 6) in base 5?
-1244112024
Convert 18ae8 (base 15) to base 12.
3a425
What is 151401 (base 6) in base 11?
aa89
200102102211220 (base 3) to base 12
3342180
Convert 10255504 (base 6) to base 7.
2402026
Convert -5a1259a (base 12) to base 6.
-1421511514
What is -17122740 (base 9) in base 2?
-100000101110000100001000
What is 1014250523 (base 6) in base 5?
10201111413
What is 246655 (base 8) in base 2?
10100110110101101
1021121010 (base 3) to base 7
133350
Convert 663a2 (base 11) to base 12.
47897
What is -2251763 (base 10) in base 5?
-1034024023
What is 1112100002021 (base 3) in base 16?
c6a39
Convert -2070162 (base 8) to base 2.
-10000111000001110010
Convert -15943 (base 11) to base 4.
-11132200
14430041 (base 5) to base 16
25d8d
Convert 12321050 (base 7) to base 14.
2101d0
Convert 6ad40a (base 14) to base 5.
1413210240
What is 113271 (base 8) in base 15?
b675
-71920 (base 16) to base 4
-1301210200
-110001011001101010010111 (base 2) to base 5
-11303401132
Convert 1100000000010110001011 (base 2) to base 3.
12220220002000
52502 (base 14) to base 10
198550
What is 6a163 (base 11) in base 9?
164016
20222001000 (base 3) to base 15
2a939
What is 11122222011 (base 3) in base 11?
62aa3
Convert -166a62 (base 12) to base 13.
-1063b5
Convert 1020012101 (base 3) to base 6.
304014
203563 (base 14) to base 2
100001000111000010011
Convert -15a747 (base 13) to base 2.
-10000011001011011110
What is -1001001111110010101 (base 2) in base 12?
-127419
What is 4623707 (base 8) in base 12?
50659b
What is 8034543 (base 9) in base 13?
b68842
-47804 (base 9) to base 12
-16627
-371224 (base 14) to base 9
-3483437
4497795 (base 11) to base 10
7872485
101299 (base 13) to base 16
5b4c2
Convert 2bb31 (base 14) to base 5.
11443330
What is 470012 (base 8) in base 5?
20103004
Convert 201022120201100 (base 3) to base 9.
21276640
What is 1a7643 (base 11) in base 13?
b1700
What is -ac9721 (base 13) in base 5?
-2020423040
-112002333 (base 4) to base 10
-90303
3c75a (base 13) to base 9
182374
Convert 40033340 (base 5) to base 4.
1030313131
What is 98506 (base 14) in base 7?
3063606
-ec52 (base 16) to base 7
-341244
What is -223040432 (base 5) in base 7?
-11250346
What is 4640356 (base 8) in base 3?
2101002212120
2313102300 (base 4) to base 16
b74b0
Convert 1343322 (base 5) to base 6.
333242
What is 7530064 (base 10) in base 14?
100029a
220203310 (base 5) to base 14
1a8153
1b8737 (base 12) to base 8
1700433
Convert -21112110100010 (base 3) to base 4.
-33101230203
Convert 220121120210 (base 3) to base 16.
76482
Convert 9839a (base 13) to base 12.
113363
Convert -8e16 (base 16) to base 7.
-211022
2013501 (base 6) to base 5
11023222
What is -102211011011201 (base 3) in base 7?
-104252431
What is 7aa (base 13) in base 8?
2453
-2269a (base 11) to base 16
-800b
Convert -440120 (base 9) to base 12.
-107b23
Convert 1a886a (base 11) to base 12.
134841
68d3de (base 15) to base 10
5006009
Convert -1234303 (base 5) to base 4.
-11330020
Convert 101210044 (base 5) to base 6.
12504421
Convert -1448712 (base 9) to base 4.
-3003120203
377230 (base 11) to base 15
bb572
-3cd34 (base 15) to base 8
-575425
What is -37744644 (base 8) in base 2?
-11111111100100110100100
Convert 1de62 (base 16) to base 4.
131321202
What is -5521 (base 8) in base 6?
-21225
What is 11121032 (base 6) in base 13?
ba632
Convert -1204442243 (base 5) to base 2.
-1010101110100100100110
Convert -3629728 (base 12) to base 9.
-21686575
-110333100 (base 4) to base 3
-11100221000
80771a1 (base 11) to base 9
28781613
Convert 110011011011100111100100 (base 2) to base 15.
12b4c13
Convert 223412 (base 6) to base 7.
106142
Convert -7ab0d9 (base 15) to base 13.
-12a1bb0
What is 36467 (base 8) in base 12?
909b
18550722 (base 9) to base 4
203231322332
What is -1306676 (base 8) in base 12?
-156766
-4250 (base 15) to base 5
-422100
Convert 13213155 (base 7) to base 6.
42002343
Convert -1b8506 (base 12) to base 14.
-cb178
d6c5be (base 15) to base 8
46763725
Convert 2223104011 (base 5) to base 15.
66a23b
Convert -d3bb7e (base 15) to base 9.
-20837432
365565 (base 11) to base 16
8d31a
What is 13210323103 (base 4) in base 8?
7447323
-106177 (base 12) to base 4
-333111223
What is -5574e3 (base 15) in base 11?
-2333458
What is b2061 (base 13) in base 11?
1a8447
10b63b5 (base 12) to base 6
153042345
Convert -1419455 (base 13) to base 15.
-859b5b
-49bdc (base 15) to base 5
-30014212
Convert -4eab47 (base 15) to base 14.
-706698
2820043 (base 9) to base 6
53104403
10000000011101010 (base 2) to base 11
45461
What is 19e981 (base 16) in base 12?
69a8a9
Convert -3002205 (base 6) to base 5.
-13443402
What is 11450230 (base 7) in base 10?
1020544
What is 18b7b51 (base 14) in base 6?
1115041551
Convert -23646522 (ba